Dec 01 16:23:47.080 INFO testing grenewode/fledge-server against master#8940af3cea4a9a9deabcaf843b2f8cad9a83fc61 for beta-1.31-5
Dec 01 16:23:47.080 INFO running `"docker" "create" "-v" "/mnt/big/crater/work/local/target-dirs/beta-1.31-5/worker-0/master#8940af3cea4a9a9deabcaf843b2f8cad9a83fc61:/target:rw,Z" "-v" "/mnt/big/crater/work/local/test-source/worker-0/beta-1.31-5/master#8940af3cea4a9a9deabcaf843b2f8cad9a83fc61:/source:ro,Z" "-v" "/mnt/big/crater/work/local/cargo-home:/cargo-home:ro,Z" "-v" "/mnt/big/crater/work/local/rustup-home:/rustup-home:ro,Z" "-e" "USER_ID=1000" "-e" "SOURCE_DIR=/source" "-e" "USER_ID=1000" "-e" "CMD=cargo +8940af3cea4a9a9deabcaf843b2f8cad9a83fc61-alt build --frozen" "-e" "CARGO_TARGET_DIR=/target" "-e" "CARGO_INCREMENTAL=0" "-e" "RUST_BACKTRACE=full" "-e" "RUSTFLAGS=--cap-lints=warn" "-e" "CARGO_HOME=/cargo-home" "-e" "RUSTUP_HOME=/rustup-home" "-m" "1536M" "--network" "none" "crater"`
Dec 01 16:23:47.411 INFO [stdout] 26e99ba5ea7623aa19c2861ae5b6556c8f01bd0e70935c4d38fc3671ee500536
Dec 01 16:23:47.415 INFO running `"docker" "start" "-a" "26e99ba5ea7623aa19c2861ae5b6556c8f01bd0e70935c4d38fc3671ee500536"`
Dec 01 16:23:48.289 INFO [stderr] usermod: no changes
Dec 01 16:23:48.715 INFO [stderr]    Compiling cpython v0.2.1
Dec 01 16:23:48.755 INFO [stderr]    Compiling h2 v0.1.12
Dec 01 16:23:48.755 INFO [stderr]    Compiling python3-sys v0.2.1
Dec 01 16:23:58.011 INFO [stderr]    Compiling actix-web v0.7.8
Dec 01 16:24:25.327 INFO [stderr]    Compiling fledge-server v0.1.0 (/source)
Dec 01 16:24:30.128 INFO [stderr] error[E0428]: the name `Node` is defined multiple times
Dec 01 16:24:30.128 INFO [stderr]   --> src/node.rs:60:1
Dec 01 16:24:30.128 INFO [stderr]    |
Dec 01 16:24:30.128 INFO [stderr] 18 | pub struct Node {
Dec 01 16:24:30.128 INFO [stderr]    | --------------- previous definition of the type `Node` here
Dec 01 16:24:30.128 INFO [stderr] ...
Dec 01 16:24:30.128 INFO [stderr] 60 | pub trait Node {
Dec 01 16:24:30.128 INFO [stderr]    | ^^^^^^^^^^^^^^ `Node` redefined here
Dec 01 16:24:30.128 INFO [stderr]    |
Dec 01 16:24:30.128 INFO [stderr]    = note: `Node` must be defined only once in the type namespace of this module
Dec 01 16:24:30.128 INFO [stderr] 
Dec 01 16:24:31.207 INFO [stderr] error[E0404]: expected trait, found struct `Node`
Dec 01 16:24:31.207 INFO [stderr]   --> src/extensions/base.rs:17:6
Dec 01 16:24:31.207 INFO [stderr]    |
Dec 01 16:24:31.207 INFO [stderr] 17 | impl Node for ValueNode {
Dec 01 16:24:31.207 INFO [stderr]    |      ^^^^ not a trait
Dec 01 16:24:31.207 INFO [stderr] 
Dec 01 16:24:31.207 INFO [stderr] error[E0404]: expected trait, found struct `Node`
Dec 01 16:24:31.207 INFO [stderr]   --> src/extensions/python.rs:52:6
Dec 01 16:24:31.207 INFO [stderr]    |
Dec 01 16:24:31.207 INFO [stderr] 52 | impl Node for PythonNode {
Dec 01 16:24:31.207 INFO [stderr]    |      ^^^^ not a trait
Dec 01 16:24:31.207 INFO [stderr] 
Dec 01 16:24:31.207 INFO [stderr] error[E0404]: expected trait, found struct `Node`
Dec 01 16:24:31.207 INFO [stderr]   --> src/node.rs:85:25
Dec 01 16:24:31.207 INFO [stderr]    |
Dec 01 16:24:31.207 INFO [stderr] 85 |     node: Arc<Mutex<dyn Node + Send + Sync>>,
Dec 01 16:24:31.207 INFO [stderr]    |                         ^^^^ not a trait
Dec 01 16:24:31.207 INFO [stderr] 
Dec 01 16:24:31.207 INFO [stderr] error[E0404]: expected trait, found struct `Node`
Dec 01 16:24:31.207 INFO [stderr]   --> src/node.rs:87:51
Dec 01 16:24:31.207 INFO [stderr]    |
Dec 01 16:24:31.207 INFO [stderr] 87 | pub fn create_app(name: &str, node: Arc<Mutex<dyn Node + Send + Sync>>) -> App<NodeApp> {
Dec 01 16:24:31.207 INFO [stderr]    |                                                   ^^^^ not a trait
Dec 01 16:24:31.207 INFO [stderr] 
Dec 01 16:24:31.207 INFO [stderr] error[E0404]: expected trait, found struct `Node`
Dec 01 16:24:31.207 INFO [stderr]   --> src/main.rs:61:70
Dec 01 16:24:31.207 INFO [stderr]    |
Dec 01 16:24:31.207 INFO [stderr] 61 |     pub fn make_node(&self, settings: &AppSettings) -> Arc<Mutex<dyn Node + Send + Sync>> {
Dec 01 16:24:31.207 INFO [stderr]    |                                                                      ^^^^ not a trait
Dec 01 16:24:31.207 INFO [stderr] 
Dec 01 16:24:31.207 INFO [stderr] error[E0404]: expected trait, found struct `Node`
Dec 01 16:24:31.207 INFO [stderr]    --> src/main.rs:121:54
Dec 01 16:24:31.207 INFO [stderr]     |
Dec 01 16:24:31.207 INFO [stderr] 121 |         static ref NODES: Vec<(String, Arc<Mutex<dyn Node + Send + Sync>>)> = {
Dec 01 16:24:31.207 INFO [stderr]     |                                                      ^^^^ not a trait
Dec 01 16:24:31.207 INFO [stderr] 
Dec 01 16:24:31.209 INFO [stderr] warning: unused import: `serde_json::Value`
Dec 01 16:24:31.209 INFO [stderr]  --> src/extensions/base.rs:3:5
Dec 01 16:24:31.209 INFO [stderr]   |
Dec 01 16:24:31.209 INFO [stderr] 3 | use serde_json::Value;
Dec 01 16:24:31.209 INFO [stderr]   |     ^^^^^^^^^^^^^^^^^
Dec 01 16:24:31.209 INFO [stderr]   |
Dec 01 16:24:31.209 INFO [stderr]   = note: #[warn(unused_imports)] on by default
Dec 01 16:24:31.209 INFO [stderr] 
Dec 01 16:24:31.214 INFO [stderr] warning: unused import: `Future`
Dec 01 16:24:31.215 INFO [stderr]  --> src/node.rs:1:15
Dec 01 16:24:31.215 INFO [stderr]   |
Dec 01 16:24:31.215 INFO [stderr] 1 | use futures::{Future, Stream};
Dec 01 16:24:31.215 INFO [stderr]   |               ^^^^^^
Dec 01 16:24:31.215 INFO [stderr] 
Dec 01 16:24:31.215 INFO [stderr] warning: unused imports: `HttpHandlerTask`, `HttpHandler`, `HttpRequest`, `HttpResponse`, `Path`, `self`
Dec 01 16:24:31.215 INFO [stderr]   --> src/node.rs:80:14
Dec 01 16:24:31.215 INFO [stderr]    |
Dec 01 16:24:31.215 INFO [stderr] 80 |     server::{self, HttpHandler, HttpHandlerTask},
Dec 01 16:24:31.215 INFO [stderr]    |              ^^^^  ^^^^^^^^^^^  ^^^^^^^^^^^^^^^
Dec 01 16:24:31.215 INFO [stderr] 81 |     App, HttpRequest, HttpResponse, Json, Path,
Dec 01 16:24:31.215 INFO [stderr]    |          ^^^^^^^^^^^  ^^^^^^^^^^^^        ^^^^
Dec 01 16:24:31.215 INFO [stderr] 
Dec 01 16:24:31.215 INFO [stderr] warning: unused import: `actix_web::dev::Handler`
Dec 01 16:24:31.215 INFO [stderr]    --> src/main.rs:101:9
Dec 01 16:24:31.215 INFO [stderr]     |
Dec 01 16:24:31.215 INFO [stderr] 101 |     use actix_web::dev::Handler;
Dec 01 16:24:31.215 INFO [stderr]     |         ^^^^^^^^^^^^^^^^^^^^^^^
Dec 01 16:24:31.215 INFO [stderr] 
Dec 01 16:24:31.215 INFO [stderr] warning: unused imports: `HttpHandlerTask`, `HttpHandler`, `HttpRequest`, `HttpResponse`, `http`
Dec 01 16:24:31.215 INFO [stderr]    --> src/main.rs:103:15
Dec 01 16:24:31.215 INFO [stderr]     |
Dec 01 16:24:31.215 INFO [stderr] 103 |         self, http,
Dec 01 16:24:31.215 INFO [stderr]     |               ^^^^
Dec 01 16:24:31.215 INFO [stderr] 104 |         middleware::Logger,
Dec 01 16:24:31.215 INFO [stderr] 105 |         server::{self, HttpHandler, HttpHandlerTask},
Dec 01 16:24:31.215 INFO [stderr]     |                        ^^^^^^^^^^^  ^^^^^^^^^^^^^^^
Dec 01 16:24:31.215 INFO [stderr] 106 |         App, HttpRequest, HttpResponse, Json,
Dec 01 16:24:31.215 INFO [stderr]     |              ^^^^^^^^^^^  ^^^^^^^^^^^^
Dec 01 16:24:31.215 INFO [stderr] 
Dec 01 16:24:31.263 INFO [stderr] error: aborting due to 7 previous errors
Dec 01 16:24:31.263 INFO [stderr] 
Dec 01 16:24:31.263 INFO [stderr] Some errors occurred: E0404, E0428.
Dec 01 16:24:31.263 INFO [stderr] For more information about an error, try `rustc --explain E0404`.
Dec 01 16:24:31.299 INFO [stderr] error: Could not compile `fledge-server`.
Dec 01 16:24:31.299 INFO [stderr] 
Dec 01 16:24:31.299 INFO [stderr] To learn more, run the command again with --verbose.
Dec 01 16:24:31.299 INFO [stderr] su: No module specific data is present
Dec 01 16:24:32.469 INFO running `"docker" "inspect" "26e99ba5ea7623aa19c2861ae5b6556c8f01bd0e70935c4d38fc3671ee500536"`
Dec 01 16:24:32.753 INFO running `"docker" "rm" "-f" "26e99ba5ea7623aa19c2861ae5b6556c8f01bd0e70935c4d38fc3671ee500536"`
Dec 01 16:24:33.006 INFO [stdout] 26e99ba5ea7623aa19c2861ae5b6556c8f01bd0e70935c4d38fc3671ee500536
